mon factor of j and m.
74
Suppose -2*u + 3*i + 87 = -0*i, -5*u + 230 = 5*i. Let q be (-72)/(-30)*u/2. Let d be (8/4)/2*81. What is the highest common divisor of q and d?
27
Suppose 16*l = 17*l - 115. Suppose -3*n = -4*n + 54. Let u = 100 - n. Calculate the greatest common divisor of u and l.
23
Suppose -64*p = -38470 - 4090. Calculate the highest common divisor of 3059 and p.
133
Let q = 1024 + -528. Suppose -4*k + q = 2*m, 3*m - 534 = -3*k + 213. Let s = m - 159. Calculate the highest common divisor of 13 and s.
13
Suppose -3957 = 62*a - 12327. Let b(z) = z + 27. Let v be b(0). Calculate the highest common factor of a and v.
27
Let w = 29 + -24. Suppose -3*m = -7 - w. Suppose -4 = -m*p, -13 = -g + p + 7. Calculate the highest common divisor of g and 35.
7
Suppose -r + 200 = 3*r + 4*o, 2*r = 4*o + 112. Calculate the highest common factor of r and 15418.
26
Let x = 15 - 8. Let o(c) = 10*c - 289. Let f be o(30). Suppose -f*j + 104 = -x*j. What is the greatest common factor of 65 and j?
13
Let t(g) = -15*g - 3. Let m be t(-3). Suppose -13*a + 381 = -386. Let z = a - 52. Calculate the highest common divisor of m and z.
7
Suppose -5*a + 10 = -0. Suppose -2 = -a*b + 6. Suppose -3 = s - b. What is the greatest common factor of 3 and s?
1
Suppose -115*z + 60*z + 143207 + 142903 = 0. What is the greatest common divisor of z and 34?
34
Let k = -13 - -84. Let v = k - 64. Suppose -v*b + 22 = -41. What is the highest common factor of b and 27?
9
Let i(c) = -5*c**3 - 3*c**2 - 17*c - 38. Let t be i(-5). Calculate the greatest common divisor of 6 and t.
3
Suppose -5*p + 50 = -2*h + 7*h, 4*h - 4*p = 8. Suppose -63 = -7*m + h*m. What is the highest common divisor of m and 9?
9
Suppose 0 = 10*b - 1754 - 7996. Calculate the highest common divisor of b and 117.
39
Let v = -6064 - -8059. Calculate the greatest common factor of 76 and v.
19
Let r be (18/63)/(-1) - (-2130)/105. Calculate the greatest common factor of 11740 and r.
20
Let i be ((63/(-14))/9)/((-2)/980). Suppose 0 = -11*c + 4*c + i. What is the greatest common divisor of c and 175?
35
Let t = 16902 - 16722. Suppose 0 = -5*d + o + 40 + 562, 0 = 4*d - 2*o - 484. What is the highest common divisor of t and d?
60
Let g be (-5 - -7)*(-1 - 1) - -67. Let t = -2 + 5. Suppose t*u = b + u - 25, b - 11 = -5*u. Calculate the greatest common factor of g and b.
21
Suppose 2*a - 19 = h, 0 = 2*a - 0*a + 3*h - 23. Let y be ((-216)/a)/3 - (-2)/10. Let x be -2 + y/(-3 - -2). Calculate the highest common factor of x and 1.
1
Let i be (0 + -1)*-8 + -6. Suppose 0 = -i*y + 94 - 20. Calculate the highest common divisor of 74 and y.
37
Suppose -23*q = -20*q - 210. Suppose 5*n - 5*r = 3*n + 26, -4*n + r = -q. Calculate the highest common divisor of 126 and n.
18
Let z = 174 + -164. Suppose -z*g + 686 = -994. What is the highest common factor of g and 16?
8
Suppose -3*m = -4*t - 56501, -5*m + 87436 + 6744 = -5*t. Calculate the highest common factor of m and 33.
33
Suppose -4*g - 2 = -2*i, 3*i - 2*g + 1 - 4 = 0. Let v = 7 - 4. Let t be (-5)/(((-9)/v)/3). What is the highest common factor of i and t?
1
Let m = -99 - -2170. Calculate the greatest common factor of m and 19.
19
Suppose 77*l = 2114 + 1120. Let p be ((-6)/(-5))/(1/35). Calculate the greatest common factor of p and l.
42
Suppose 7*i + 197 = 8*i. Let q = 648 - i. Calculate the greatest common factor of 22 and q.
11
Let t be (1 + -59)/((-478)/14101). What is the highest common factor of 29 and t?
29
Let j(d) = -172*d + 77. Let m be j(0). What is the greatest common divisor of 561 and m?
11
Suppose 20 = 2*c + 2*c. Suppose -c*k + 329 = -276. Let t(g) = g**2 - 31*g + 11. Let w be t(31). Calculate the highest common divisor of k and w.
11
Let o be (-4)/34*1 - (-624)/102. Suppose -5*r = 4*l + o, -24 = -6*r + 2*r + 4*l. Calculate the greatest common divisor of 1 and r.
1
Suppose -2*o = 5*u - 311 - 640, -4*o = -12. Calculate the greatest common factor of u and 6048.
189
Let d = 1119 + -1100. Suppose 66 - 9 = 3*a. What is the greatest common divisor of a and d?
19
Let n be (-1 - 477)/(40/10 + -6). Let x = n + -229. Let j = -62 + 87. Calculate the highest common divisor of j and x.
5
Let x(d) be the first derivative of 5*d**2/2 - 4*d + 1. Let u be x(3). Suppose -40*q + 32*q = -176. Calculate the greatest common divisor of u and q.
11
Suppose 0 = -5*o + 403 + 1562. Let l = o - 319. Calculate the highest common factor of l and 259.
37
Let b be 24/(14/(-6) - -3). Let k be -93 - ((-152)/b + (-4)/(-18)). Let m = k - -167. Calculate the highest common divisor of 6 and m.
6
Suppose 0 = 5*p + a - 10 + 2, -4*a - 14 = -3*p. Let h be ((-300)/105)/(p/(-7)). Let u = 30 - h. Calculate the highest common factor of 140 and u.
20
Let a = -36456 + 36861. Calculate the highest common factor of 4545 and a.
45
Let s = -12 - -29. Let m(l) = 2*l**2 + 6*l - 23. Let f be 19/(-38) + 17/(-2). Let w be m(f). Calculate the greatest common divisor of w and s.
17
Suppose -140 = 36*z - 64*z. Suppose 15*s = -z*u + 18*s + 93, -2*u + 3*s + 30 = 0. What is the greatest common factor of 84 and u?
21
Suppose -14*j + 16*j = -3*g + 10289, 0 = 3*g - 4*j - 10265. Calculate the highest common divisor of g and 894.
149
Let o(n) be the first derivative of n**4/4 + 35*n**3/3 + 15*n**2 - 70*n + 51. Let q be o(-34). Calculate the greatest common factor of 33 and q.
33
Suppose 5*q + 4 = 24. Suppose -q*w + 5*b + 46 = 15, -b - 17 = -2*w. What is the greatest common factor of 63 and w?
9
Let n be (-2)/(886/(-178) - -5). Let x = 94 + n. Suppose -d + 4 = 0, 0*p - 4*p - x*d + 504 = 0. What is the highest common factor of p and 22?
11
Let k be (15/18*-2)/((-2)/6). Suppose -k*p - 100 = -2*r, -3*r + 2*p = -8*r + 192. Calculate the highest common divisor of 16 and r.
8
Suppose -4471 = -94*a + 135. Calculate the greatest common divisor of a and 14.
7
Let b be -11 + (-105)/(-10) + (-21)/6. Let u(g) = 0 + 7*g**2 + 5 - 3 + 0*g**3 + 5*g + g**3. Let s be u(b). What is the highest common divisor of s and 30?
30
Let k(i) = 14*i + 3. Suppose 3*j + y - 1 = 0, j + j = y + 4. Let c be k(j). What is the highest common divisor of 357 and c?
17
Let s = -950 + 466. Let c = s + 559. What is the greatest common divisor of 180 and c?
15
Let z be 1/(1 + 36/(-39)). Let t(w) = 53*w**3 - w**2 - w + 1. Let o be t(1). Calculate the highest common factor of o and z.
13
Suppose -5*g + 10 = b, -5*g + 0*b + 10 = -2*b. Suppose 0 = -4*v - 5*m + 555, g*v + 14*m = 13*m + 273. Calculate the highest common factor of v and 81.
27
Suppose -38016 = 103*z - 199*z. What is the highest common factor of z and 22?
22
Suppose 2*y = -2, 100 = -2*o - 5*y + 3*y. Let r = -36 - o. Calculate the highest common factor of 26 and r.
13
Let f(g) = 3*g - 75. Let b be f(45). Suppose b - 140 = -4*r. Calculate the highest common factor of r and 35.
5
Let d = 2 + 86. Suppose 1449*y = 1455*y - 396. Calculate the greatest common factor of d and y.
22
Suppose 17*k = 291 + 491. Let p = -11 + k. Calculate the greatest common factor of 14 and p.
7
Suppose 39*x - 116193 = -93*x + 29535. What is the highest common divisor of 48 and x?
48
Let r = 4448 - 4260. Calculate the highest common factor of r and 9964.
188
Let a = 11742 - 11644. What is the greatest common divisor of a and 658?
14
Let h be (5 - (-256)/(-56))/(1/21). Let p be -1 + (h - 6) + 141. Calculate the greatest common divisor of 33 and p.
11
Suppose -8*m + 913 = -15. Let l be m/2*(-3)/(-2). Calculate the highest common factor of l and 29.
29
Let h(s) = -55*s - 6. Let b be h(-1). Let p = 118 + -114. Suppose p*d + 396 = 4*y, -141 - 58 = -2*y + 3*d. Calculate the greatest common factor of y and b.
49
Let g = -1 + 0. Let l be (-1 - g)*1 + 81. Let o = -2095 + 2122. What is the greatest common factor of l and o?
27
Suppose 2*h = -2*h, -4*j - 2*h = -216. Let g = -28 - -32. Suppose g*f - 66 = 6. Calculate the greatest common factor of j and f.
18
Let b(i) = 3*i**2 - 55*i + 298. Let n be b(42). What is the greatest common factor of 574 and n?
82
Suppose 3*q = -2*g - 5, g - q = -g - 17. Let r(w) = w**2 + 2*w - 23. Let v be r(g). Let y = 60 - 36. Calculate the highest common factor of v and y.
12
Let h = 308 + -176. Suppose 0 = 3*l - 4*i - 258, 0 = -5*l - 3*i + i + 430. Let u be l/4 + 16/32. What is the greatest common factor of h and u?
22
Let l(t)